{"id":21579,"date":"2018-04-25T11:35:54","date_gmt":"2018-04-25T10:35:54","guid":{"rendered":"https:\/\/www.bluehoteles.es\/marques-de-san-esteban\/habitacion-doble-superior\/"},"modified":"2020-03-06T10:49:20","modified_gmt":"2020-03-06T09:49:20","slug":"double-or-twin-room","status":"publish","type":"page","link":"https:\/\/www.bluehoteles.es\/marques-de-san-esteban\/en\/double-or-twin-room\/","title":{"rendered":"Double or Twin Room"},"content":{"rendered":"<p>[vc_row row_type=&#8221;row&#8221; use_row_as_full_screen_section=&#8221;no&#8221; type=&#8221;full_width&#8221; anchor=&#8221;gallery&#8221; angled_section=&#8221;no&#8221; text_align=&#8221;left&#8221; background_image_as_pattern=&#8221;without_pattern&#8221; css_animation=&#8221;&#8221;][vc_column]<div class='qode_image_gallery_no_space light highlight_active'><div class='qode_image_gallery_holder' style='height: 600px;'><ul style = \"background-color: #000000\" ><li style = \"opacity: 0.40\" ><div style=\"height: 600px; width:900px;\"><img decoding=\"async\" itemprop=\"image\" src=\"https:\/\/www.bluehoteles.es\/marques-de-san-esteban\/wp-content\/uploads\/sites\/3\/2020\/03\/hotel_marques_gijon_nuevo_2020_201_12.jpg\" alt=\"Hotel Marqu\u00e9s Gij\u00f3n (BLUE HOTELES)\" \/><\/div><\/li><li style = \"opacity: 0.40\" ><div style=\"height: 600px; width:850px;\"><img decoding=\"async\" itemprop=\"image\" src=\"https:\/\/www.bluehoteles.es\/marques-de-san-esteban\/wp-content\/uploads\/sites\/3\/2020\/03\/hotel_marques_gijon_nuevo_2020_201_13.jpg\" alt=\"Hotel Marqu\u00e9s Gij\u00f3n (BLUE HOTELES)\" \/><\/div><\/li><li style = \"opacity: 0.40\" ><div style=\"height: 600px; width:699px;\"><img decoding=\"async\" itemprop=\"image\" src=\"https:\/\/www.bluehoteles.es\/marques-de-san-esteban\/wp-content\/uploads\/sites\/3\/2020\/03\/hotel_marques_gijon_nuevo_2020_201_14.jpg\" alt=\"Hotel Marqu\u00e9s Gij\u00f3n (BLUE HOTELES)\" \/><\/div><\/li><li style = \"opacity: 0.40\" ><div style=\"height: 600px; width:826px;\"><img decoding=\"async\" itemprop=\"image\" src=\"https:\/\/www.bluehoteles.es\/marques-de-san-esteban\/wp-content\/uploads\/sites\/3\/2020\/03\/hotel_marques_gijon_nuevo_2020_303_26.jpg\" alt=\"Hotel Marqu\u00e9s Gij\u00f3n (BLUE HOTELES)\" \/><\/div><\/li><li style = \"opacity: 0.40\" ><div style=\"height: 600px; width:900px;\"><img decoding=\"async\" itemprop=\"image\" src=\"https:\/\/www.bluehoteles.es\/marques-de-san-esteban\/wp-content\/uploads\/sites\/3\/2020\/03\/hotel_marques_gijon_nuevo_2020_401_40.jpg\" alt=\"Hotel Marqu\u00e9s Gij\u00f3n (BLUE HOTELES)\" \/><\/div><\/li><li style = \"opacity: 0.40\" ><div style=\"height: 600px; width:800px;\"><img decoding=\"async\" itemprop=\"image\" src=\"https:\/\/www.bluehoteles.es\/marques-de-san-esteban\/wp-content\/uploads\/sites\/3\/2020\/03\/hotel_marques_gijon_nuevo_2020_401_43.jpg\" alt=\"Hotel Marqu\u00e9s Gij\u00f3n (BLUE HOTELES)\" \/><\/div><\/li><li style = \"opacity: 0.40\" ><div style=\"height: 600px; width:752px;\"><img decoding=\"async\" itemprop=\"image\" src=\"https:\/\/www.bluehoteles.es\/marques-de-san-esteban\/wp-content\/uploads\/sites\/3\/2020\/03\/hotel_marques_gijon_nuevo_2020_405_1.jpg\" alt=\"Hotel Marqu\u00e9s Gij\u00f3n (BLUE HOTELES)\" \/><\/div><\/li><li style = \"opacity: 0.40\" ><div style=\"height: 600px; width:900px;\"><img decoding=\"async\" itemprop=\"image\" src=\"https:\/\/www.bluehoteles.es\/marques-de-san-esteban\/wp-content\/uploads\/sites\/3\/2020\/03\/hotel_marques_gijon_nuevo_2020_405_32.jpg\" alt=\"Hotel Marqu\u00e9s Gij\u00f3n (BLUE HOTELES)\" \/><\/div><\/li><li style = \"opacity: 0.40\" ><div style=\"height: 600px; width:845px;\"><img decoding=\"async\" itemprop=\"image\" src=\"https:\/\/www.bluehoteles.es\/marques-de-san-esteban\/wp-content\/uploads\/sites\/3\/2020\/03\/hotel_marques_gijon_nuevo_2020_406_11.jpg\" alt=\"Hotel Marqu\u00e9s Gij\u00f3n (BLUE HOTELES)\" \/><\/div><\/li><li style = \"opacity: 0.40\" ><div style=\"height: 600px; width:900px;\"><img decoding=\"async\" itemprop=\"image\" src=\"https:\/\/www.bluehoteles.es\/marques-de-san-esteban\/wp-content\/uploads\/sites\/3\/2020\/03\/hotel_marques_Gijon_centro.jpg\" alt=\"Hotel Marqu\u00e9s Gij\u00f3n (BLUE HOTELES)\" \/><\/div><\/li><li style = \"opacity: 0.40\" ><div style=\"height: 600px; width:728px;\"><img decoding=\"async\" itemprop=\"image\" src=\"https:\/\/www.bluehoteles.es\/marques-de-san-esteban\/wp-content\/uploads\/sites\/3\/2020\/03\/banp_hotel_marques_gijon_nuevo_2020_9.jpg\" alt=\"Hotel Marqu\u00e9s Gij\u00f3n (BLUE HOTELES)\" \/><\/div><\/li><\/ul><\/div><div class=\"controls\"><a class=\"prev-slide\" href=\"#\"><span><i class=\"fa fa-angle-left\"><\/i><\/span><\/a><a class=\"next-slide\" href=\"#\"><span><i class=\"fa fa-angle-right\"><\/i><\/span><\/a><\/div><\/div>[\/vc_column][\/vc_row]<\/p>\n","protected":false},"excerpt":{"rendered":"<p>[vc_row row_type=&#8221;row&#8221; use_row_as_full_screen_section=&#8221;no&#8221; type=&#8221;full_width&#8221; anchor=&#8221;gallery&#8221; angled_section=&#8221;no&#8221; text_align=&#8221;left&#8221; background_image_as_pattern=&#8221;without_pattern&#8221; css_animation=&#8221;&#8221;][vc_column][\/vc_column][\/vc_row]<\/p>\n","protected":false},"author":5,"featured_media":0,"parent":0,"menu_order":0,"comment_status":"closed","ping_status":"closed","template":"full_width.php","meta":{"footnotes":""},"yoast_head":"<!-- This site is optimized with the Yoast SEO plugin v22.2 - https:\/\/yoast.com\/wordpress\/plugins\/seo\/ -->\n<title>Hotel Marques Gij\u00f3n \u00ae Asturias -\u00a0Double or Twin Room<\/title>\n<meta name=\"description\" content=\"The Double Room at Hotel Marqu\u00e9s in Gij\u00f3n has 2 single beds or 1 double bed. The size of the room of 11 m\u00b2.\" \/>\n<meta name=\"robots\" content=\"index, follow, max-snippet:-1, max-image-preview:large, max-video-preview:-1\" \/>\n<link rel=\"canonical\" href=\"https:\/\/www.bluehoteles.es\/marques-de-san-esteban\/habitacion-doble\/\" \/>\n<meta property=\"og:locale\" content=\"en_US\" \/>\n<meta property=\"og:type\" content=\"article\" \/>\n<meta property=\"og:title\" content=\"Hotel Marques Gij\u00f3n \u00ae Asturias -\u00a0Double or Twin Room\" \/>\n<meta property=\"og:description\" content=\"The Double Room at Hotel Marqu\u00e9s in Gij\u00f3n has 2 single beds or 1 double bed. The size of the room of 11 m\u00b2.\" \/>\n<meta property=\"og:url\" content=\"https:\/\/www.bluehoteles.es\/marques-de-san-esteban\/habitacion-doble\/\" \/>\n<meta property=\"og:site_name\" content=\"Hotel Marqu\u00e9s Gij\u00f3n\" \/>\n<meta property=\"article:modified_time\" content=\"2020-03-06T09:49:20+00:00\" \/>\n<meta name=\"twitter:card\" content=\"summary_large_image\" \/>\n<script type=\"application\/ld+json\" class=\"yoast-schema-graph\">{\"@context\":\"https:\/\/schema.org\",\"@graph\":[{\"@type\":\"WebPage\",\"@id\":\"https:\/\/www.bluehoteles.es\/marques-de-san-esteban\/habitacion-doble\/\",\"url\":\"https:\/\/www.bluehoteles.es\/marques-de-san-esteban\/habitacion-doble\/\",\"name\":\"Hotel Marques Gij\u00f3n \u00ae Asturias -\u00a0Double or Twin Room\",\"isPartOf\":{\"@id\":\"https:\/\/www.bluehoteles.es\/marques-de-san-esteban\/#website\"},\"datePublished\":\"2018-04-25T10:35:54+00:00\",\"dateModified\":\"2020-03-06T09:49:20+00:00\",\"description\":\"The Double Room at Hotel Marqu\u00e9s in Gij\u00f3n has 2 single beds or 1 double bed. The size of the room of 11 m\u00b2.\",\"breadcrumb\":{\"@id\":\"https:\/\/www.bluehoteles.es\/marques-de-san-esteban\/habitacion-doble\/#breadcrumb\"},\"inLanguage\":\"en-US\",\"potentialAction\":[{\"@type\":\"ReadAction\",\"target\":[\"https:\/\/www.bluehoteles.es\/marques-de-san-esteban\/habitacion-doble\/\"]}]},{\"@type\":\"BreadcrumbList\",\"@id\":\"https:\/\/www.bluehoteles.es\/marques-de-san-esteban\/habitacion-doble\/#breadcrumb\",\"itemListElement\":[{\"@type\":\"ListItem\",\"position\":1,\"name\":\"Portada\",\"item\":\"https:\/\/www.bluehoteles.es\/marques-de-san-esteban\/en\/\"},{\"@type\":\"ListItem\",\"position\":2,\"name\":\"Double or Twin Room\"}]},{\"@type\":\"WebSite\",\"@id\":\"https:\/\/www.bluehoteles.es\/marques-de-san-esteban\/#website\",\"url\":\"https:\/\/www.bluehoteles.es\/marques-de-san-esteban\/\",\"name\":\"Hotel Marqu\u00e9s Gij\u00f3n\",\"description\":\"HOTEL Marqu\u00e9s de San Esteban\",\"potentialAction\":[{\"@type\":\"SearchAction\",\"target\":{\"@type\":\"EntryPoint\",\"urlTemplate\":\"https:\/\/www.bluehoteles.es\/marques-de-san-esteban\/?s={search_term_string}\"},\"query-input\":\"required name=search_term_string\"}],\"inLanguage\":\"en-US\"}]}<\/script>\n<!-- \/ Yoast SEO plugin. -->","yoast_head_json":{"title":"Hotel Marques Gij\u00f3n \u00ae Asturias -\u00a0Double or Twin Room","description":"The Double Room at Hotel Marqu\u00e9s in Gij\u00f3n has 2 single beds or 1 double bed. The size of the room of 11 m\u00b2.","robots":{"index":"index","follow":"follow","max-snippet":"max-snippet:-1","max-image-preview":"max-image-preview:large","max-video-preview":"max-video-preview:-1"},"canonical":"https:\/\/www.bluehoteles.es\/marques-de-san-esteban\/habitacion-doble\/","og_locale":"en_US","og_type":"article","og_title":"Hotel Marques Gij\u00f3n \u00ae Asturias -\u00a0Double or Twin Room","og_description":"The Double Room at Hotel Marqu\u00e9s in Gij\u00f3n has 2 single beds or 1 double bed. The size of the room of 11 m\u00b2.","og_url":"https:\/\/www.bluehoteles.es\/marques-de-san-esteban\/habitacion-doble\/","og_site_name":"Hotel Marqu\u00e9s Gij\u00f3n","article_modified_time":"2020-03-06T09:49:20+00:00","twitter_card":"summary_large_image","schema":{"@context":"https:\/\/schema.org","@graph":[{"@type":"WebPage","@id":"https:\/\/www.bluehoteles.es\/marques-de-san-esteban\/habitacion-doble\/","url":"https:\/\/www.bluehoteles.es\/marques-de-san-esteban\/habitacion-doble\/","name":"Hotel Marques Gij\u00f3n \u00ae Asturias -\u00a0Double or Twin Room","isPartOf":{"@id":"https:\/\/www.bluehoteles.es\/marques-de-san-esteban\/#website"},"datePublished":"2018-04-25T10:35:54+00:00","dateModified":"2020-03-06T09:49:20+00:00","description":"The Double Room at Hotel Marqu\u00e9s in Gij\u00f3n has 2 single beds or 1 double bed. The size of the room of 11 m\u00b2.","breadcrumb":{"@id":"https:\/\/www.bluehoteles.es\/marques-de-san-esteban\/habitacion-doble\/#breadcrumb"},"inLanguage":"en-US","potentialAction":[{"@type":"ReadAction","target":["https:\/\/www.bluehoteles.es\/marques-de-san-esteban\/habitacion-doble\/"]}]},{"@type":"BreadcrumbList","@id":"https:\/\/www.bluehoteles.es\/marques-de-san-esteban\/habitacion-doble\/#breadcrumb","itemListElement":[{"@type":"ListItem","position":1,"name":"Portada","item":"https:\/\/www.bluehoteles.es\/marques-de-san-esteban\/en\/"},{"@type":"ListItem","position":2,"name":"Double or Twin Room"}]},{"@type":"WebSite","@id":"https:\/\/www.bluehoteles.es\/marques-de-san-esteban\/#website","url":"https:\/\/www.bluehoteles.es\/marques-de-san-esteban\/","name":"Hotel Marqu\u00e9s Gij\u00f3n","description":"HOTEL Marqu\u00e9s de San Esteban","potentialAction":[{"@type":"SearchAction","target":{"@type":"EntryPoint","urlTemplate":"https:\/\/www.bluehoteles.es\/marques-de-san-esteban\/?s={search_term_string}"},"query-input":"required name=search_term_string"}],"inLanguage":"en-US"}]}},"_links":{"self":[{"href":"https:\/\/www.bluehoteles.es\/marques-de-san-esteban\/en\/wp-json\/wp\/v2\/pages\/21579"}],"collection":[{"href":"https:\/\/www.bluehoteles.es\/marques-de-san-esteban\/en\/wp-json\/wp\/v2\/pages"}],"about":[{"href":"https:\/\/www.bluehoteles.es\/marques-de-san-esteban\/en\/wp-json\/wp\/v2\/types\/page"}],"author":[{"embeddable":true,"href":"https:\/\/www.bluehoteles.es\/marques-de-san-esteban\/en\/wp-json\/wp\/v2\/users\/5"}],"replies":[{"embeddable":true,"href":"https:\/\/www.bluehoteles.es\/marques-de-san-esteban\/en\/wp-json\/wp\/v2\/comments?post=21579"}],"version-history":[{"count":13,"href":"https:\/\/www.bluehoteles.es\/marques-de-san-esteban\/en\/wp-json\/wp\/v2\/pages\/21579\/revisions"}],"predecessor-version":[{"id":22319,"href":"https:\/\/www.bluehoteles.es\/marques-de-san-esteban\/en\/wp-json\/wp\/v2\/pages\/21579\/revisions\/22319"}],"wp:attachment":[{"href":"https:\/\/www.bluehoteles.es\/marques-de-san-esteban\/en\/wp-json\/wp\/v2\/media?parent=21579"}],"curies":[{"name":"wp","href":"https:\/\/api.w.org\/{rel}","templated":true}]}}

<p>[vc_row row_type=&#8221;row&#8221; use_row_as_full_screen_section=&#8221;no&#8221; type=&#8221;full_width&#8221; anchor=&#8221;gallery&#8221; angled_section=&#8221;no&#8221; text_align=&#8221;left&#8221; background_image_as_pattern=&#8221;without_pattern&#8221; css_animation=&#8221;&#8221;][vc_column]<div class='qode_image_gallery_no_space light highlight_active'><div class='qode_image_gallery_holder' style='height: 600px;'><ul style = "background-color: #000000" ><li style = "opacity: 0.40" ><div style="height: 600px; width:900px;"><img decoding="async" itemprop="image" src="https://www.bluehoteles.es/marques-de-san-esteban/wp-content/uploads/sites/3/2020/03/hotel_marques_gijon_nuevo_2020_201_12.jpg" alt="Hotel Marqués Gijón (BLUE HOTELES)" /></div></li><li style = "opacity: 0.40" ><div style="height: 600px; width:850px;"><img decoding="async" itemprop="image" src="https://www.bluehoteles.es/marques-de-san-esteban/wp-content/uploads/sites/3/2020/03/hotel_marques_gijon_nuevo_2020_201_13.jpg" alt="Hotel Marqués Gijón (BLUE HOTELES)" /></div></li><li style = "opacity: 0.40" ><div style="height: 600px; width:699px;"><img decoding="async" itemprop="image" src="https://www.bluehoteles.es/marques-de-san-esteban/wp-content/uploads/sites/3/2020/03/hotel_marques_gijon_nuevo_2020_201_14.jpg" alt="Hotel Marqués Gijón (BLUE HOTELES)" /></div></li><li style = "opacity: 0.40" ><div style="height: 600px; width:826px;"><img decoding="async" itemprop="image" src="https://www.bluehoteles.es/marques-de-san-esteban/wp-content/uploads/sites/3/2020/03/hotel_marques_gijon_nuevo_2020_303_26.jpg" alt="Hotel Marqués Gijón (BLUE HOTELES)" /></div></li><li style = "opacity: 0.40" ><div style="height: 600px; width:900px;"><img decoding="async" itemprop="image" src="https://www.bluehoteles.es/marques-de-san-esteban/wp-content/uploads/sites/3/2020/03/hotel_marques_gijon_nuevo_2020_401_40.jpg" alt="Hotel Marqués Gijón (BLUE HOTELES)" /></div></li><li style = "opacity: 0.40" ><div style="height: 600px; width:800px;"><img decoding="async" itemprop="image" src="https://www.bluehoteles.es/marques-de-san-esteban/wp-content/uploads/sites/3/2020/03/hotel_marques_gijon_nuevo_2020_401_43.jpg" alt="Hotel Marqués Gijón (BLUE HOTELES)" /></div></li><li style = "opacity: 0.40" ><div style="height: 600px; width:752px;"><img decoding="async" itemprop="image" src="https://www.bluehoteles.es/marques-de-san-esteban/wp-content/uploads/sites/3/2020/03/hotel_marques_gijon_nuevo_2020_405_1.jpg" alt="Hotel Marqués Gijón (BLUE HOTELES)" /></div></li><li style = "opacity: 0.40" ><div style="height: 600px; width:900px;"><img decoding="async" itemprop="image" src="https://www.bluehoteles.es/marques-de-san-esteban/wp-content/uploads/sites/3/2020/03/hotel_marques_gijon_nuevo_2020_405_32.jpg" alt="Hotel Marqués Gijón (BLUE HOTELES)" /></div></li><li style = "opacity: 0.40" ><div style="height: 600px; width:845px;"><img decoding="async" itemprop="image" src="https://www.bluehoteles.es/marques-de-san-esteban/wp-content/uploads/sites/3/2020/03/hotel_marques_gijon_nuevo_2020_406_11.jpg" alt="Hotel Marqués Gijón (BLUE HOTELES)" /></div></li><li style = "opacity: 0.40" ><div style="height: 600px; width:900px;"><img decoding="async" itemprop="image" src="https://www.bluehoteles.es/marques-de-san-esteban/wp-content/uploads/sites/3/2020/03/hotel_marques_Gijon_centro.jpg" alt="Hotel Marqués Gijón (BLUE HOTELES)" /></div></li><li style = "opacity: 0.40" ><div style="height: 600px; width:728px;"><img decoding="async" itemprop="image" src="https://www.bluehoteles.es/marques-de-san-esteban/wp-content/uploads/sites/3/2020/03/banp_hotel_marques_gijon_nuevo_2020_9.jpg" alt="Hotel Marqués Gijón (BLUE HOTELES)" /></div></li></ul></div><div class="controls"><a class="prev-slide" href="#"><span><i class="fa fa-angle-left"></i></span></a><a class="next-slide" href="#"><span><i class="fa fa-angle-right"></i></span></a></div></div>[/vc_column][/vc_row]</p>

<!-- This site is optimized with the Yoast SEO plugin v22.2 - https://yoast.com/wordpress/plugins/seo/ -->
<title>Hotel Marques Gijón ® Asturias - Double or Twin Room</title>
<meta name="description" content="The Double Room at Hotel Marqués in Gijón has 2 single beds or 1 double bed. The size of the room of 11 m²." />
<meta name="robots" content="index, follow, max-snippet:-1, max-image-preview:large, max-video-preview:-1" />
<link rel="canonical" href="https://www.bluehoteles.es/marques-de-san-esteban/habitacion-doble/" />
<meta property="og:locale" content="en_US" />
<meta property="og:type" content="article" />
<meta property="og:title" content="Hotel Marques Gijón ® Asturias - Double or Twin Room" />
<meta property="og:description" content="The Double Room at Hotel Marqués in Gijón has 2 single beds or 1 double bed. The size of the room of 11 m²." />
<meta property="og:url" content="https://www.bluehoteles.es/marques-de-san-esteban/habitacion-doble/" />
<meta property="og:site_name" content="Hotel Marqués Gijón" />
<meta property="article:modified_time" content="2020-03-06T09:49:20+00:00" />
<meta name="twitter:card" content="summary_large_image" />
<script type="application/ld+json" class="yoast-schema-graph">{"@context":"https://schema.org","@graph":[{"@type":"WebPage","@id":"https://www.bluehoteles.es/marques-de-san-esteban/habitacion-doble/","url":"https://www.bluehoteles.es/marques-de-san-esteban/habitacion-doble/","name":"Hotel Marques Gijón ® Asturias - Double or Twin Room","isPartOf":{"@id":"https://www.bluehoteles.es/marques-de-san-esteban/#website"},"datePublished":"2018-04-25T10:35:54+00:00","dateModified":"2020-03-06T09:49:20+00:00","description":"The Double Room at Hotel Marqués in Gijón has 2 single beds or 1 double bed. The size of the room of 11 m².","breadcrumb":{"@id":"https://www.bluehoteles.es/marques-de-san-esteban/habitacion-doble/#breadcrumb"},"inLanguage":"en-US","potentialAction":[{"@type":"ReadAction","target":["https://www.bluehoteles.es/marques-de-san-esteban/habitacion-doble/"]}]},{"@type":"BreadcrumbList","@id":"https://www.bluehoteles.es/marques-de-san-esteban/habitacion-doble/#breadcrumb","itemListElement":[{"@type":"ListItem","position":1,"name":"Portada","item":"https://www.bluehoteles.es/marques-de-san-esteban/en/"},{"@type":"ListItem","position":2,"name":"Double or Twin Room"}]},{"@type":"WebSite","@id":"https://www.bluehoteles.es/marques-de-san-esteban/#website","url":"https://www.bluehoteles.es/marques-de-san-esteban/","name":"Hotel Marqués Gijón","description":"HOTEL Marqués de San Esteban","potentialAction":[{"@type":"SearchAction","target":{"@type":"EntryPoint","urlTemplate":"https://www.bluehoteles.es/marques-de-san-esteban/?s={search_term_string}"},"query-input":"required name=search_term_string"}],"inLanguage":"en-US"}]}</script>
<!-- / Yoast SEO plugin. -->

Hotel Marques Gijón ® Asturias - Double or Twin Room

The Double Room at Hotel Marqués in Gijón has 2 single beds or 1 double bed. The size of the room of 11 m².

Hotel Marqués Gijón

HOTEL Marqués de San Esteban
